= 2*l**2 + 7*l + 8. What is the hundreds digit of j(-9)?
1
Let t(v) = 3*v**2 + 5*v - 19. What is the units digit of t(8)?
3
Suppose -24 = -g + 4*g. Suppose 0 = -k + 6*k + 20. Let h = k - g. What is the units digit of h?
4
Suppose -3*a - 2*a = -25. Suppose a*m - 37 - 73 = 0. Let q = -16 + m. What is the units digit of q?
6
Suppose 4*o + 10 = -2*y, -o + 0*y = -4*y - 11. What is the units digit of (3 + o)*22/4?
1
Suppose 0 = r - 4 + 2. Let j(l) = 3*l - 1. Let z be j(r). Suppose z*n - n = 20. What is the units digit of n?
5
Suppose -2*q - 7 = 3, 0 = 4*g - 2*q + 2. Let w = -1 - g. Suppose -3*x - 2*z = -9, 4*x - 19 = -3*z - w*z. What is the units digit of x?
1
Let z(m) = 1 - 2 - 3 + 3*m**2 - m**2 + 3*m. What is the units digit of z(-3)?
5
Suppose -c + 5*l - 3*l = -6, 4*c - 2*l - 12 = 0. Suppose -c*q = 4*o - 98, 20 = o - 0*q - q. What is the tens digit of o?
2
Suppose 5*r + 0*r - 25 = 0. What is the units digit of ((-2)/r)/(1/(-55))?
2
Let g be ((-5)/10)/(2/(-580)). Suppose -2*m - g + 34 = -5*o, -3*m = o - 12. What is the tens digit of o?
2
Let n(w) = w**2 - 13*w + 9. What is the tens digit of n(18)?
9
Let d(f) be the second derivative of -f**4/12 + f**3/3 - f**2/2 - f. Let u be d(4). Let s = u - -17. What is the units digit of s?
8
Let s be (-1437)/6 - 3/(-2). What is the units digit of 17/85 - s/10?
4
Let s(a) be the first derivative of a**4/2 - a**3 + a**2 - a - 1. Let o = 91 - 89. What is the units digit of s(o)?
7
Let s be -3 - 0*4/(-12). Let r(y) = -y**2 - y + 7. What is the units digit of r(s)?
1
Let z be 14/(-21) + 388/6. Let h = 92 - z. What is the units digit of h?
8
What is the units digit of 54 - 1 - (-1 + 2)?
2
Let q = -9 - -17. Let n = q + -6. What is the units digit of (1/n)/((-1)/(-8))?
4
Let d be (1/3)/(1/9). Suppose 3*a = -0*a + 15. Let p = a - d. What is the units digit of p?
2
Let g(w) = -w**2 - 6*w - 4. Let l be g(-5). Suppose -3*d + 13 = 2*q - 7, -q = -l. Let c = -3 + d. What is the units digit of c?
3
Suppose -c = 2*c - 3*z - 150, 2*c + 2*z = 108. What is the tens digit of c?
5
Suppose 6*a + 4 = -4*x + 2*a, 3*a + 3 = -x. Suppose x*j = -3*j. Suppose j = -3*i - 4*p + 4, -i + 3*p - 25 = -6*i. What is the units digit of i?
8
Let l(d) = -11*d - 1. Let u be l(-6). Suppose -n + u = 3*w + 14, 0 = -w - 5*n + 17. Let b = -8 + w. What is the units digit of b?
9
What is the units digit of (-1)/3*(-2 + -247)?
3
Suppose -4*h + 3*z = -0*h - 3, -21 = -3*h - 4*z. Let j(x) = x**3 - 4*x + 3. Let k be j(h). Suppose -3*y + k = -y. What is the units digit of y?
9
Let z(d) = -d - 1. Let h be z(4). Let c(p) = p**3 + 4*p**2 - 8*p - 7. What is the units digit of c(h)?
8
Let j(u) = u - 1. Let f(p) = 11*p + 1. Let d(r) = -f(r) + 4*j(r). What is the units digit of d(-3)?
6
What is the tens digit of ((-41)/2)/(-3*2/12)?
4
Let z be (-14)/1*-21 + -2. Suppose -5*i + 3*l + z = 0, 5*i + l - 293 = -17. What is the units digit of i?
6
Let z be 348/10 + (-5)/(-25). What is the units digit of (-37)/(-7) + (-10)/z?
5
Let u = -10 + 8. What is the units digit of (0 + u)*(-10)/4?
5
Suppose 0*l + 3*l - 6 = 0. Let o be 39/(-9) - l/(-6). What is the units digit of o/18 + 222/27?
8
Let y = -5 + 29. What is the units digit of y?
4
Let x = -1 - -1. Suppose x = -2*l + 5*l - 45. What is the units digit of l?
5
Let n(w) be the third derivative of w**5/60 - 5*w**4/24 + 7*w**3/3 + 5*w**2. What is the units digit of n(5)?
4
Let u(o) = -o + 21. Let y be u(0). Suppose 5*i = y - 6. Suppose i*q + 7 = 4*z, 4*q - 14 = -2*z + 2*q. What is the units digit of z?
4
Let j(a) = a**2 + 3*a + 149. What is the hundreds digit of j(0)?
1
Let v = -58 - -61. What is the units digit of v?
3
Let r = 38 + 110. Suppose m = 5*m - r. What is the tens digit of m?
3
Let a = -9 - -22. Let h = a + 3. What is the tens digit of h?
1
Suppose 0 = -2*y + 5*r + 87, r = -4*y - r + 186. What is the tens digit of y?
4
Suppose 115 = 3*j - 4*p - 2, 3*p = -4*j + 181. What is the units digit of j?
3
Suppose 0*j = 3*j. Let d be 1*-2 + j - 0. What is the units digit of 32/6 + d/(-3)?
6
What is the hundreds digit of 5/15*69*(-20)/(-4)?
1
Let q = 12 + 8. What is the units digit of q?
0
Let c = 692 + -464. What is the hundreds digit of c?
2
Let r(a) = -a. Let d(y) = y**2 - 6*y - 5. Let k be (-32)/(-6) - 6/(-9). Let x be d(k). What is the units digit of r(x)?
5
Suppose -4 = 4*l, 2*z + 0*l = -3*l + 13. Let g = -14 - -10. What is the units digit of z - 5/(10/g)?
0
Suppose -1560 = -5*j + 5*x, 4*j + 4*x - 1218 = 2*x. What is the units digit of j?
7
What is the units digit of 6/((-3)/2*-1)?
4
Let s(r) = r**2 - 4*r - 8. Let f(h) = h**2 + h + 1. Let y(j) = 3*f(j) - s(j). What is the tens digit of y(-6)?
4
Let a(c) = 4*c**2 + 13*c - 19. What is the hundreds digit of a(8)?
3
Suppose 4*h = -3 + 11. Suppose -h*s + 20 = 2. What is the units digit of s?
9
Let p = -25 - -92. What is the tens digit of p?
6
Let o(p) = 213*p**2 + p. What is the hundreds digit of o(-1)?
2
Let b = 2 + -1. What is the tens digit of (b + -3)*23/(-2)?
2
What is the tens digit of ((-58)/1)/(5/(-10))?
1
Let m(y) = -y**2 + 5*y + 9. What is the units digit of m(5)?
9
Let o be 52/(-8) - 2/4. Let r = o + 9. Suppose -4*g - r + 34 = 0. What is the units digit of g?
8
Let r(u) = 2*u**2 + 0*u**3 + u**3 + u - 4*u**2. Let z be r(2). Suppose 2 = -4*o + 4*k + 6, z*o - 9 = -5*k. What is the units digit of o?
2
Let y = 50 + -35. What is the units digit of y?
5
Suppose 4*z + 25 = 117. What is the units digit of z?
3
Let r = -34 - -36. Let q = -1 - -1. Suppose -2 = -r*j - q*j. What is the units digit of j?
1
Let o be (-472)/(-14) + 10/35. Suppose 2*q + o = 4*q. What is the units digit of q?
7
What is the units digit of (-3)/(-12)*-2*(-700 - 0)?
0
Let s(u) = 2*u**2 + 2*u - 3. Let j = 1 - -3. Let h be -1 - j*(-1)/(-2). What is the units digit of s(h)?
9
Let s = 158 + -106. What is the units digit of s?
2
Let a(q) = 2*q**2 + 2*q - 1. Let b be a(-3). Suppose -5*z = 19 + b. What is the units digit of (z/10)/(2/(-10))?
3
Let i(z) be the third derivative of -z**4/12 - z**3/6 - 3*z**2. What is the units digit of i(-6)?
1
Suppose -3*d - 2*d = -10. Let w be (10/(-6))/(d/(-6)). Suppose 0 = -w*c - 12 + 72. What is the units digit of c?
2
Let x(b) = -b**2 - 8*b - 9. Let k be x(-7). Let p be ((k/(-2))/1)/1. What is the units digit of ((-3)/p)/(1/(-1))?
3
Suppose 2*k - 8 = -2*k. Suppose -k*p + 26 + 21 = 5*d, -59 = -3*p + 4*d. What is the tens digit of p?
2
Let q = -78 + 261. What is the units digit of q?
3
What is the units digit of (-2)/(-8)*2 - 230/(-4)?
8
Let s(w) = -11*w + 4. What is the tens digit of s(-3)?
3
Suppose 0 = -l - l, 0 = -n - 2*l. Suppose 0 = -s - n*s + 10. What is the units digit of s?
0
Let m(n) = 2*n**2 - 44*n - 32. What is the units digit of m(26)?
6
Let z(v) = v**2 + v - 2. Let h be z(-5). Suppose 5*i - i - 2*d - 48 = 0, i = -d + h. Let b = i + -5. What is the units digit of b?
9
Let f be -3 - (-5 - 0) - 0. Suppose 0 = -6*h + f*h - 5*i + 66, 2*i = -4*h + 60. What is the units digit of h?
4
Let x = 5 + -2. Suppose -x*m + i + 8 = 0, m = -9*i + 4*i + 24. Suppose f = -m*p + 16 + 6, -2*f + 29 = 5*p. What is the units digit of f?
2
Suppose 12 = 2*i - 0*i. Let g(h) = h - 2. Let t be g(5). Let b = i - t. What is the units digit of b?
3
Let b(n) = 19*n - 16. What is the tens digit of b(3)?
4
Let r(d) = 8*d**2 - d + 1. Let s be r(1). Suppose 3*a - s = 2*c, -26 = -5*a - 6. What is the tens digit of (11 - c)*8/6?
1
Let c = 101 - 155. Let s = c - -80. Let d = s - 16. What is the units digit of d?
0
Suppose -5*q - 6*h - 129 = -3*h, -5*q - 114 = -2*h. Let y = -23 - -11. What is the units digit of (6/y)/(1/q)?
2
Let t(a) = 2*a**2 - 6*a + 2. What is the units digit of t(-5)?
2
Let j(y) = -4*y**3 + 5*y**2 + 5*y - 3. What is the units digit of j(-3)?
5
Let r = 5 + -7. Let f = 8 + r. What is the units digit of f?
6
Let c(y) = -y. Let a(t) = -2*t + 17. Let h(z) = a(z) - 3*c(z). Suppose 0 = -3*m - 12 - 15. What is the units digit of h(m)?
8
Let s(q) = -q**3 + 6*q**2 + 7*q + 2. Suppose 4*b - 5*j = 4 + 4, 0 = 3*b - 2*j - 13. Let z be s(b). What is the units digit of z - (0 - 1)*-1?
1
Let l = 5 - 0. Suppose 0 = 3*z + 3*j - 18, 2*j = l*j - 9. Suppose z*k + k = 12. What is the units digit of k?
3
Let v(x) = -x - 18 + 19 - 22*x. What is the tens digit of v(-1)?
2
Suppose -5*x = -20, 0*j = j - 3*x + 1